. Let h be n(20). What is the highest common factor of h and 472?
8
Suppose 4*u - 1905 = -5*b, 5*u = -5*b + 360 + 1540. Let m = b - 125. Let f = 414 - m. What is the highest common factor of 14 and f?
14
Let o be 1634/76*(-1)/(2/(-4)). Calculate the greatest common divisor of o and 215.
43
Let a be (-2)/(6 + (-755)/125). Calculate the greatest common divisor of a and 1.
1
Suppose 2*j + y - 47 + 2 = 0, 81 = 4*j + 5*y. Let z = -151 + 415. What is the highest common factor of z and j?
24
Let v = -24 - -44. Let f be 5 - (-9)/(45/v). Let i = 15 - -57. What is the highest common divisor of i and f?
9
Suppose -2*o + 68 = 2*r, 104 + 66 = 5*r + 3*o. Calculate the greatest common divisor of r and 34.
34
Let w(a) = a**3 - 9*a**2 + 4. Let b = 0 + 9. Let z be w(b). Suppose -8*k + 9*k - 59 = 5*v, 4*v + 12 = 0. Calculate the greatest common divisor of z and k.
4
Suppose -2*k = -5*w + 430, -193*w + 377 = -189*w + 5*k. Let a(d) = 9*d**2 - d. Let j be a(5). What is the greatest common factor of j and w?
44
Let j = 1318 - 724. Suppose q = -q + j. Calculate the greatest common divisor of 27 and q.
27
Let w(l) be the third derivative of -l**6/120 - l**5/30 + l**4/4 + 2*l**3/3 - 7*l**2. Let s be w(-4). Calculate the greatest common factor of s and 6.
6
Let a be (-42)/(-4)*30 - -9. Calculate the greatest common factor of a and 144.
36
Let r = 9 + 16. Let b(h) = -h**3 - 6*h**2 - 20*h - 70. Let u be b(-5). What is the greatest common factor of u and r?
5
Let g be (-12 - -7)*(-4)/10. Suppose -b - g*b + 156 = 0. Suppose -b = 4*n - 6*n. Calculate the greatest common divisor of 26 and n.
26
Suppose -867*x + 156 = -866*x. What is the highest common divisor of x and 117?
39
Let t be ((-2646)/(-21))/(1/2). Calculate the highest common divisor of 56 and t.
28
Let k = 58 - 36. Suppose 76 = 2*b - 5*a, 2*b - 5*a = -2*a + 72. Calculate the highest common factor of b and k.
11
Let y(l) = 75*l - 245. Let i be y(4). What is the greatest common divisor of 11 and i?
11
Suppose 2*k + f = 395, -2*k - k + f + 580 = 0. Calculate the highest common factor of k and 78.
39
Let l = 59 + -6. Let r(k) = -12 + 27*k + 30*k - l*k. Let z be r(13). Calculate the greatest common factor of z and 40.
40
Suppose -7*i = -9*i + 5*m + 84, 4*m = -2*i + 120. Calculate the greatest common divisor of i and 28.
4
Suppose 3*g - u - 324 = 0, 3*u = -18*g + 23*g - 540. Calculate the highest common factor of g and 24.
12
Suppose -4*x = -4*q - 3268, 24*x - q = 21*x + 2449. Calculate the greatest common factor of 51 and x.
51
Suppose -238 = 6*d + 50. Let o be d*(-2)/((-4)/(-18)). Suppose -2*k + 8*k - o = 0. What is the greatest common divisor of 9 and k?
9
Suppose -33 = -5*d + 5*v + 7, -d + 2*v = -13. Suppose -d*i + 4 + 23 = 0. Calculate the highest common divisor of i and 99.
9
Let v = -1813 - -1819. Calculate the greatest common divisor of 321 and v.
3
Let x(d) = 5*d**2 - 2*d + 193. Let g(s) = -2*s**2 + s - 97. Let j(p) = -7*g(p) - 3*x(p). Let i be j(0). What is the highest common divisor of i and 20?
20
Suppose o = -4 + 37. Suppose -o = 10*k - 13*k. What is the greatest common divisor of k and 55?
11
Let g = 18 + -13. Suppose 0 = 3*v - g*v + 8. Suppose -4*a - 13 = -5*q, q + 7 = v*a - 0*q. What is the greatest common divisor of 6 and a?
3
Suppose -5*q - 2*i = -430, -298 = -5*q + 2*i + 152. Suppose 3*c - 49 = 4*f, -f = 3*c + 4*f - 13. Calculate the greatest common divisor of c and q.
11
Let k(o) be the first derivative of o**4/4 - 4*o**3/3 - 11*o**2/2 + 12*o + 35. Let j be k(8). What is the greatest common factor of 36 and j?
36
Let z be (9 - 13) + -7 + 139. What is the greatest common factor of 2 and z?
2
Let t = -96 - -172. What is the highest common factor of t and 20?
4
Let i(f) = f**2 + f + 14. Let o be i(-5). Calculate the greatest common factor of o and 34.
34
Let f = -611 - -1269. What is the greatest common factor of f and 14?
14
Let g = -46 + 52. Suppose 0 = 5*p + 3*k - 26, 2*p - 3*k - 10 = -2*p. What is the highest common divisor of p and g?
2
Suppose 5*i - 82 = o - 3*o, 55 = o - i. Suppose 551*p = 558*p - 595. What is the highest common factor of o and p?
17
Let c = 339 - 199. What is the greatest common divisor of 308 and c?
28
Let s be 24/(4 + 4) + 15. Calculate the greatest common divisor of 1926 and s.
18
Let j be ((-224)/2)/(-27 + 25). Calculate the greatest common factor of 448 and j.
56
Let a(p) = -p**3 + 3*p + 3. Let f be a(3). Let k be 3 - (0 + 2 + f). Calculate the greatest common factor of 48 and k.
16
Suppose m + 54 = -42. Let h = m + 134. Suppose 0 = -6*s + 22 + h. What is the greatest common factor of s and 30?
10
Let b be (-3)/(-12) - (-7)/4. Let o be -2 + b + -3 + 14. What is the highest common factor of o and 99?
11
Let t(u) = 2*u**3 - 3*u**2 + u + 4. Let x be t(2). Let y be (x/6)/(35/42). Calculate the highest common divisor of y and 8.
2
Let m be 2/(-7) - 19/7. Let i be (-3)/(-3)*m + 237. Calculate the greatest common divisor of 26 and i.
26
Let v = 89 - 76. Suppose 4*u - 5*c - 29 = 10, 3*u + 3*c = 9. Let b be 2/(-4) - (-861)/u. Calculate the highest common factor of v and b.
13
Let h(p) = -2*p + 16. Let b be h(16). Let m be (-52)/b - (-2)/(-8). Calculate the highest common factor of m and 2.
1
Let n(t) = 31*t + 194. Let x be n(-6). Calculate the greatest common factor of 8 and x.
8
Suppose 105*i - 562 = 278. Calculate the greatest common factor of i and 256.
8
Let v = 241 + -197. Calculate the greatest common factor of 11 and v.
11
Let h be 6/8*-1 - (-495)/20. Let u(y) = y**3 + 16*y**2 + 11*y - 12. Let i be u(-15). Calculate the highest common factor of i and h.
24
Let h(f) = -f + 2. Let k be h(0). Suppose 4*n - k = 3*n. Calculate the greatest common factor of n and 1.
1
Suppose 4*k = 2*c + 8, 5*c = -3*k + 6 + 39. Suppose -f = -372*v + 367*v + 20, -4*v = -4*f + 16. Calculate the highest common divisor of f and c.
2
Suppose 2*a + r = 2 - 1, -4*a + 5 = 5*r. Suppose a = -0*z - 2*z + 5*h + 17, -4*h = z - 41. Calculate the highest common factor of 21 and z.
21
Let h(o) = 0 + o - 16*o - 7 - 5. Let j be h(-5). What is the greatest common factor of j and 21?
21
Let c be (-245)/49 + (-158)/4*-4. What is the greatest common divisor of 18 and c?
9
Suppose 0*z - 2*r + 2 = 2*z, r - 1 = -5*z. Let k = 3 - z. Suppose 0 = j + 2*j - k*a - 18, -4*j = -2*a - 24. Calculate the greatest common factor of 42 and j.
6
Let n be 52/20*(-1 - (-36)/6). What is the greatest common divisor of 949 and n?
13
Suppose -3*z + 107 + 298 = 0. Suppose -3*u + 3*j + z = 0, 3*j + 84 = 2*u + 4*j. Suppose 4*x = -19 + u. Calculate the highest common factor of x and 60.
6
Let r(l) = 6*l + 11. Let n be r(-8). Let s = n - -83. What is the highest common divisor of s and 92?
46
Suppose 6030 = 4*f + d - 1045, -1771 = -f + 2*d. Calculate the greatest common divisor of f and 61.
61
Let w(n) = 4*n**2 + 7*n - 5. Let l be w(-5). Suppose -4*c + 12 = -3*c. What is the greatest common divisor of l and c?
12
Let l = 41 - 36. Suppose -5*m + 4*n = -21, -n + 7 - 6 = 0. Suppose 0 = z - m*w - 14, -5*z + z - l*w + 6 = 0. What is the greatest common divisor of z and 32?
4
Let r be (-18)/(-108) + 1/(-6). Suppose r = 7*q - 11*q + 540. Calculate the highest common factor of 15 and q.
15
Suppose 807 + 198 = 5*t + 5*s, 12 = 4*s. Calculate the greatest common divisor of 72 and t.
18
Suppose c = r + 2, 2*r + 21*c = 18*c + 16. Suppose -3*o + 72 = o. Calculate the greatest common factor of o and r.
2
Suppose p - 113 = 3*h, -16 + 6 = -2*h. What is the highest common factor of p and 8?
8
Let v be 114/855 + (-2878)/(-15). What is the greatest common factor of 24 and v?
24
Suppose d + 52 = r - 52, -3*r - 2*d = -312. Calculate the greatest common factor of 65 and r.
13
Suppose 0 = 2*u + 2*r - 528, 2*u - 9*r + 14*r = 528. Let j(m) = -m**3 - 9*m**2 - 11*m. Let k be j(-8). Calculate the greatest common factor of u and k.
24
Suppose -10 = -4*k - 2. Let i be 63 - 8/10*(-5)/k. What is the greatest common divisor of i and 13?
13
Let p be 3/(1*3/102). Let o = 132 + p. Let f = -56 + 82. Calculate the highest common factor of o and f.
26
Suppose -5*g + 91 + 617 = 3*d, 724 = 5*g - d. Calculate the highest common factor of g and 180.
36
Let b = -49 + 21. Let l = b + 36. Let v = l + 6. Calculate the greatest common divisor of v and 14.
14
Let t = -144 + 472. What is the h